{"id":317,"date":"2014-10-19T04:29:46","date_gmt":"2014-10-19T02:29:46","guid":{"rendered":"http:\/\/mikes-music-records.de\/?page_id=317"},"modified":"2021-08-19T04:30:29","modified_gmt":"2021-08-19T02:30:29","slug":"label-und-vertrieb","status":"publish","type":"page","link":"https:\/\/mikes-music-records.de\/site\/label-und-vertrieb\/","title":{"rendered":"Labels und Vertrieb"},"content":{"rendered":"<div class=\"wpb-content-wrapper\"><p>[vc_row][vc_column][vc_row_inner][vc_column_inner width=&#8220;5\/6&#8243;][vc_custom_heading text=&#8220;Nutzen auch Sie unsere langj\u00e4hrige Erfahrung und unsere weit reichenden Kontakte!&#8220; use_theme_fonts=&#8220;yes&#8220;][\/vc_column_inner][vc_column_inner width=&#8220;1\/6&#8243;][vc_single_image image=&#8220;318&#8243; alignment=&#8220;right&#8220;][\/vc_column_inner][\/vc_row_inner][vc_column_text]<\/p>\n<p align=\"left\">Neben unseren professionellen Tonstudios bieten wir Ihnen auch den Verlag und \/ oder Vertrieb Ihrer Produktionen an. Die Anmeldung Ihrer Produktion bei GEMA, GVL und anderen Institutionen, Labelcode und alle weiteren erforderlichen Schritte wickeln wir gerne f\u00fcr Sie ab. Sie erhalten damit alle Leistungen aus einer Hand und partizipieren von unserem Know-How &#8211; von der Produktion bis hin zur Verwertung via unterschiedlicher Vertriebskan\u00e4le im nationalen Tontr\u00e4germarkt. Wir beraten Sie gerne, sprechen Sie uns an.<\/p>\n<p>Die unter unseren bereits 12 Labels stehenden Produktionen werden international vertrieben. Es handelt sich dabei um unterschiedliche Musikrichtungen, Mit unserem eigenen Musikverlag (mit weiteren 3 Editionen) bieten wir Ihnen zus\u00e4tzlich die M\u00f6glichkeit, Ihre eigenen Texte und Kompositionen zu sichern und in effizienter Art und Weise auszuwerten. So bieten wir Autoren ein gro\u00dfes Netzwerk an Musikern, K\u00fcnstlern und Bands die stets auf der Suche nach guten Produktionen sind. Weiterhin unterst\u00fctzen wir unsere K\u00fcnstler im Rahme des 360Grad Artist-Developments bei der Auswertung ihrer Musik, unterst\u00fctzen beim Aufbau der Marke bzw. des K\u00fcnstlers und stehen euch auch f\u00fcr Pitchings und Promoma\u00dfahmen professionell zur Seite.<\/p>\n<p align=\"left\">Unser Main-Label hei\u00dft &#8222;Mike&#8217;s Music Records&#8220;. Den Labelcode sehen Sie oben rechts.<\/p>\n<p>[\/vc_column_text][vc_custom_heading text=&#8220;Weltweit digitaler Musikvertrieb&#8220; use_theme_fonts=&#8220;yes&#8220;][vc_column_text]Es steht Ihnen zum Vertrieb Ihrer Musik \/ H\u00f6rb\u00fccher \/ Videos eine umfangreiche und komfortable Infrastruktur zur Verf\u00fcgung. So erhalten Sie Zugriff auf unseren Vertriebsserver mit SQL-Datenbank, wo Sie per Web-Interface einfach per Browser Ihre Verkaufsums\u00e4tze abrufen k\u00f6nnen. Verschaffen Sie sich t\u00e4glich einen \u00dcberblick \u00fcber die Ums\u00e4tze, oder generieren Sie Statistiken \u00fcber Ihre absatzst\u00e4rksten Produkte. In Ihrem eigenen Account und Dashboard k\u00f6nnen Sie online diese pers\u00f6nlichen Daten abfragen.<\/p>\n<p>Sehen Sie in welchen Shops und welchen L\u00e4ndern Ihre Songs und Alben verkauft wurden. Transparent und in jedem Browser aufzurufen.[\/vc_column_text][\/vc_column][\/vc_row][vc_row][vc_column width=&#8220;1\/4&#8243;][vc_single_image image=&#8220;319&#8243; img_size=&#8220;medium&#8220; alignment=&#8220;center&#8220; style=&#8220;vc_box_rounded&#8220; img_link_large=&#8220;yes&#8220;][\/vc_column][vc_column width=&#8220;3\/4&#8243;][vc_column_text]Der Vertrieb s\u00e4mtlicher Label-Produktionen aus unserem\u00a0Haus wird weltweit bei \u00fcber 300 Downloadportalen\u00a0vorgenommen.<\/p>\n<p>Die Liste der relevanten Downloadportale bei denen die Produktionen unserer Labels erh\u00e4ltlich sind finden Sie hier:[\/vc_column_text][vc_btn title=&#8220;Liste im PDF-Format&#8220; style=&#8220;flat&#8220; shape=&#8220;square&#8220; color=&#8220;white&#8220; align=&#8220;center&#8220; i_icon_fontawesome=&#8220;fas fa-file&#8220; button_block=&#8220;true&#8220; add_icon=&#8220;true&#8220; link=&#8220;url:http%3A%2F%2Fmikes-music-records.de%2Fwp-content%2Fuploads%2F2014%2F10%2Fmusikportale.pdf||target:%20_blank|rel:nofollow&#8220;][vc_column_text css=&#8220;.vc_custom_1629054827713{padding-top: 10px !important;}&#8220;]<\/p>\n<p>Auch der physische Vertrieb von gepressten Tontr\u00e4gern wird national als auch international durch uns realisiert. Die Tontr\u00e4ger sind anschlie\u00dfend im Handel bei ausgew\u00e4hlten Handelsketten\u00a0und Kaufh\u00e4usern im Sortiment verf\u00fcgbar.<\/p>\n<p>Nat\u00fcrlich sind\u00a0alle Tontr\u00e4ger ebenfalls im Mail-Order-Verfahren zu erwerben (z.B. Amazon usw.) und auch in unserem Studio direkt erh\u00e4ltlich.<\/p>\n<p>Unter unserem Haupt-Label &#8222;Mike&#8217;s music records&#8220; existieren weitere Sub-Labels: F\u00fcr jegliches Genre bzw. jede Musikrichtung ein eigener Labelname mit separatem Labelcode nebst ISRC, um zielgruppenad\u00e4quates Marketing und einen differenzierten Vertrieb darstellen zu k\u00f6nnen.<\/p>\n<p>[\/vc_column_text][\/vc_column][\/vc_row][vc_row][vc_column][vc_custom_heading text=&#8220;Unter folgenden Labels werden diverse Genres von uns produziert und vertrieben:&#8220; use_theme_fonts=&#8220;yes&#8220;][vc_row_inner][vc_column_inner width=&#8220;1\/3&#8243;][vc_custom_heading text=&#8220;Highland dreams&#8220; font_container=&#8220;tag:h3|text_align:center&#8220; use_theme_fonts=&#8220;yes&#8220;][vc_column_text]<\/p>\n<p style=\"text-align: center;\">Rock &amp; Pop<br \/>\nLC: 24522<\/p>\n<p>[\/vc_column_text][vc_single_image image=&#8220;321&#8243; img_size=&#8220;full&#8220; alignment=&#8220;center&#8220;][\/vc_column_inner][vc_column_inner width=&#8220;1\/3&#8243;][vc_custom_heading text=&#8220;Dragonblood records&#8220; font_container=&#8220;tag:h3|text_align:center&#8220; use_theme_fonts=&#8220;yes&#8220;][vc_column_text]<\/p>\n<p style=\"text-align: center;\">Metal<br \/>\nLC: 25378<\/p>\n<p>[\/vc_column_text][vc_single_image image=&#8220;325&#8243; img_size=&#8220;full&#8220; alignment=&#8220;center&#8220;][\/vc_column_inner][vc_column_inner width=&#8220;1\/3&#8243;][vc_custom_heading text=&#8220;100% Deutsch&#8220; font_container=&#8220;tag:h3|text_align:center&#8220; use_theme_fonts=&#8220;yes&#8220;][vc_column_text]<\/p>\n<p style=\"text-align: center;\">Schlager &amp; Pop<br \/>\nLC: 24371<\/p>\n<p>[\/vc_column_text][vc_single_image image=&#8220;323&#8243; img_size=&#8220;full&#8220; alignment=&#8220;center&#8220;][\/vc_column_inner][\/vc_row_inner][vc_separator][vc_row_inner][vc_column_inner width=&#8220;1\/3&#8243;][vc_custom_heading text=&#8220;Dragonlove records&#8220; font_container=&#8220;tag:h3|text_align:center&#8220; use_theme_fonts=&#8220;yes&#8220;][vc_column_text]<\/p>\n<p style=\"text-align: center;\">Dance &amp; House<br \/>\nLC: 24774<\/p>\n<p>[\/vc_column_text][vc_single_image image=&#8220;326&#8243; img_size=&#8220;full&#8220; alignment=&#8220;center&#8220;][\/vc_column_inner][vc_column_inner width=&#8220;1\/3&#8243;][vc_custom_heading text=&#8220;Cash cow star records&#8220; font_container=&#8220;tag:h3|text_align:center&#8220; use_theme_fonts=&#8220;yes&#8220;][vc_column_text]<\/p>\n<p style=\"text-align: center;\">Hip-Hop &amp; Rap<br \/>\nLC: 29110<\/p>\n<p>[\/vc_column_text][vc_single_image image=&#8220;324&#8243; img_size=&#8220;full&#8220; alignment=&#8220;center&#8220;][\/vc_column_inner][vc_column_inner width=&#8220;1\/3&#8243;][vc_custom_heading text=&#8220;Easy-life records&#8220; font_container=&#8220;tag:h3|text_align:center&#8220; use_theme_fonts=&#8220;yes&#8220;][vc_column_text]<\/p>\n<p style=\"text-align: center;\">Instrumental\/Chillout<br \/>\nLC: 24452<\/p>\n<p>[\/vc_column_text][vc_single_image image=&#8220;536&#8243; img_size=&#8220;full&#8220; alignment=&#8220;center&#8220;][\/vc_column_inner][\/vc_row_inner][vc_separator][vc_row_inner][vc_column_inner width=&#8220;1\/3&#8243;][vc_custom_heading text=&#8220;KVM H\u00f6rwelten&#8220; font_container=&#8220;tag:h3|text_align:center&#8220; use_theme_fonts=&#8220;yes&#8220;][vc_column_text]<\/p>\n<p style=\"text-align: center;\">H\u00f6rb\u00fccher &amp; H\u00f6rspiele<br \/>\nLC: 15954<\/p>\n<p>[\/vc_column_text][vc_single_image image=&#8220;322&#8243; img_size=&#8220;full&#8220; alignment=&#8220;center&#8220;][\/vc_column_inner][vc_column_inner width=&#8220;1\/3&#8243;][vc_custom_heading text=&#8220;k.c. records&#8220; font_container=&#8220;tag:h3|text_align:center&#8220; use_theme_fonts=&#8220;yes&#8220;][vc_column_text]<\/p>\n<p style=\"text-align: center;\">Produktionen aus den Studios von k.c. records<br \/>\nLC: 58032<\/p>\n<p>[\/vc_column_text][vc_single_image image=&#8220;1561&#8243; img_size=&#8220;205&#215;135&#8243; alignment=&#8220;center&#8220;][\/vc_column_inner][vc_column_inner width=&#8220;1\/3&#8243;][vc_custom_heading text=&#8220;Wolf Records&#8220; font_container=&#8220;tag:h3|text_align:center&#8220; use_theme_fonts=&#8220;yes&#8220;][vc_column_text]<\/p>\n<p style=\"text-align: center;\">Volkst\u00fcmliche Musik<br \/>\nLC: 06485<\/p>\n<p>[\/vc_column_text][vc_single_image image=&#8220;1696&#8243; img_size=&#8220;full&#8220; alignment=&#8220;center&#8220;][\/vc_column_inner][\/vc_row_inner][vc_separator][vc_row_inner][vc_column_inner width=&#8220;1\/3&#8243;][vc_custom_heading text=&#8220;100% Spass&#8220; font_container=&#8220;tag:h3|text_align:center&#8220; use_theme_fonts=&#8220;yes&#8220;][vc_column_text]<\/p>\n<p style=\"text-align: center;\">Comedy und Spass<br \/>\nLC: 77747<\/p>\n<p>[\/vc_column_text][vc_single_image image=&#8220;1660&#8243; img_size=&#8220;full&#8220; alignment=&#8220;center&#8220;][\/vc_column_inner][vc_column_inner width=&#8220;1\/3&#8243;][vc_custom_heading text=&#8220;Johnny Matrix International&#8220; font_container=&#8220;tag:h3|text_align:center&#8220; use_theme_fonts=&#8220;yes&#8220;][vc_column_text]<\/p>\n<p style=\"text-align: center;\">Label des \u00f6sterreichischen Musikproduzenten Johnny Matrix<br \/>\nLC: 91368<\/p>\n<p>[\/vc_column_text][vc_single_image image=&#8220;1873&#8243; alignment=&#8220;center&#8220;][\/vc_column_inner][vc_column_inner width=&#8220;1\/3&#8243;][\/vc_column_inner][\/vc_row_inner][\/vc_column][\/vc_row]<\/p>\n<\/div>","protected":false},"excerpt":{"rendered":"<p>[vc_row][vc_column][vc_row_inner][vc_column_inner width=&#8220;5\/6&#8243;][vc_custom_heading text=&#8220;Nutzen auch Sie unsere langj\u00e4hrige Erfahrung und unsere weit reichenden Kontakte!&#8220; use_theme_fonts=&#8220;yes&#8220;][\/vc_column_inner][vc_column_inner width=&#8220;1\/6&#8243;][vc_single_image image=&#8220;318&#8243; alignment=&#8220;right&#8220;][\/vc_column_inner][\/vc_row_inner][vc_column_text] Neben unseren professionellen Tonstudios bieten wir Ihnen auch den Verlag und \/ oder Vertrieb Ihrer Produktionen an. Die Anmeldung Ihrer Produktion bei GEMA, GVL und anderen Institutionen, Labelcode und alle weiteren erforderlichen Schritte wickeln wir gerne f\u00fcr Sie &#8230; <a title=\"Labels und Vertrieb\" class=\"read-more\" href=\"https:\/\/mikes-music-records.de\/site\/label-und-vertrieb\/\" aria-label=\"Mehr Informationen \u00fcber Labels und Vertrieb\">Weiterlesen<\/a><\/p>\n","protected":false},"author":1,"featured_media":0,"parent":0,"menu_order":0,"comment_status":"closed","ping_status":"closed","template":"","meta":{"footnotes":""},"class_list":["post-317","page","type-page","status-publish"],"_links":{"self":[{"href":"https:\/\/mikes-music-records.de\/site\/wp-json\/wp\/v2\/pages\/317","targetHints":{"allow":["GET"]}}],"collection":[{"href":"https:\/\/mikes-music-records.de\/site\/wp-json\/wp\/v2\/pages"}],"about":[{"href":"https:\/\/mikes-music-records.de\/site\/wp-json\/wp\/v2\/types\/page"}],"author":[{"embeddable":true,"href":"https:\/\/mikes-music-records.de\/site\/wp-json\/wp\/v2\/users\/1"}],"replies":[{"embeddable":true,"href":"https:\/\/mikes-music-records.de\/site\/wp-json\/wp\/v2\/comments?post=317"}],"version-history":[{"count":42,"href":"https:\/\/mikes-music-records.de\/site\/wp-json\/wp\/v2\/pages\/317\/revisions"}],"predecessor-version":[{"id":2361,"href":"https:\/\/mikes-music-records.de\/site\/wp-json\/wp\/v2\/pages\/317\/revisions\/2361"}],"wp:attachment":[{"href":"https:\/\/mikes-music-records.de\/site\/wp-json\/wp\/v2\/media?parent=317"}],"curies":[{"name":"wp","href":"https:\/\/api.w.org\/{rel}","templated":true}]}}