{"id":355,"date":"2014-10-21T18:48:37","date_gmt":"2014-10-21T16:48:37","guid":{"rendered":"http:\/\/mikes-music-records.de\/?page_id=355"},"modified":"2021-08-19T04:32:22","modified_gmt":"2021-08-19T02:32:22","slug":"verlag","status":"publish","type":"page","link":"https:\/\/mikes-music-records.de\/site\/verlag\/","title":{"rendered":"Verlag"},"content":{"rendered":"<div class=\"wpb-content-wrapper\"><p>[vc_row][vc_column width=&#8220;3\/4&#8243;][vc_custom_heading text=&#8220;Musikverlag:&#8220; use_theme_fonts=&#8220;yes&#8220;][vc_column_text]<strong>ffortissimo music &#8211; Unser hauseigener Haupt-Verlag beheimatet zahlreiche Titel und verwaltet f\u00fcr deren Urheber die Rechte.<\/strong>[\/vc_column_text][\/vc_column][vc_column width=&#8220;1\/4&#8243;][vc_single_image image=&#8220;1016&#8243; img_size=&#8220;full&#8220; alignment=&#8220;right&#8220;][\/vc_column][\/vc_row][vc_row][vc_column width=&#8220;3\/4&#8243;][vc_custom_heading text=&#8220;Editionen:&#8220; use_theme_fonts=&#8220;yes&#8220;][vc_column_text]<strong>&gt; Mikes Music Records \/ Edition MMR<\/strong><br \/>\n<strong>&gt; ffm-dance<\/strong>[\/vc_column_text][\/vc_column][vc_column width=&#8220;1\/4&#8243;][vc_row_inner][vc_column_inner width=&#8220;1\/2&#8243;][vc_single_image image=&#8220;1049&#8243; img_size=&#8220;full&#8220; alignment=&#8220;right&#8220;][\/vc_column_inner][vc_column_inner width=&#8220;1\/2&#8243;][vc_single_image image=&#8220;1050&#8243; img_size=&#8220;full&#8220; alignment=&#8220;right&#8220;][\/vc_column_inner][\/vc_row_inner][\/vc_column][\/vc_row][vc_row][vc_column][vc_separator color=&#8220;custom&#8220; accent_color=&#8220;#eaeaea&#8220;][vc_column_text]Was ist ein Musikverlag und warum sollte man als Texter oder Komponist seine Werke in einen guten und aktiven Verlag geben? Diese Frage k\u00f6nnen nur wenige K\u00fcnstler beantworten.[\/vc_column_text][vc_column_text]Es gibt zwar eine eigens f\u00fcr die Auswertung von Urheberrechten und die Beitreibung von Nutzungs- bzw. Auff\u00fchrungstantiemen gegr\u00fcndete Institution namens GEMA in Deutschland, die nur daf\u00fcr zust\u00e4ndig ist musikalische Werke zu verwerten und die daraus erzielten Ertr\u00e4ge an die Urheber zu verteilen \u2013 doch ist dies in der Realit\u00e4t jedoch ein Dschungel von Formularen und umfangreicher B\u00fcrokratie.<\/p>\n<p>Werke und Beteiligungen m\u00fcssen in der GEMA-Datenbank eingetragen und ordnungsgem\u00e4\u00df gemeldet werden. Es sind regelm\u00e4\u00dfig seitens des K\u00fcnstlers Auftrittsmeldungen einzureichen und mitunter am Jahresende Reklamationen zu erstellen. All das ist sowohl zeitlich als auch administrativ von einer einzelnen Person kaum zu bew\u00e4ltigen.<\/p>\n<p>Wir k\u00fcmmern uns um s\u00e4mtliche administrativen Abl\u00e4ufe und unterst\u00fctzen unsere Verlagsurheber bei:<\/p>\n<ul>\n<li>Anmeldung bei der entsprechenden Verwertungsgesellschaft (i.d.R. GEMA)<\/li>\n<li>Werkeanmeldung<\/li>\n<li>Anmeldung von Auff\u00fchrungen<\/li>\n<li>Erstellung von Noten<\/li>\n<li>Lizensierung von Werken (z.B. Verkopplungen, Coverversionen usw.)<\/li>\n<li>Darstellung des Tantiemenanspruchs<\/li>\n<li>Verbreitung des eigenen Musikrepertoirs<\/li>\n<\/ul>\n<p>Die Mitgliedschaft in unserem Verlag &#8222;ffortissimo music&#8220; oder einer seiner\u00a0Editionen\u00a0ist selbstverst\u00e4ndlich v\u00f6llig kostenlos und basiert auf gegenseitiger korrekter und vertrauensvoller Zusammenarbeit.[\/vc_column_text][\/vc_column][\/vc_row]<\/p>\n<\/div>","protected":false},"excerpt":{"rendered":"<p>[vc_row][vc_column width=&#8220;3\/4&#8243;][vc_custom_heading text=&#8220;Musikverlag:&#8220; use_theme_fonts=&#8220;yes&#8220;][vc_column_text]ffortissimo music &#8211; Unser hauseigener Haupt-Verlag beheimatet zahlreiche Titel und verwaltet f\u00fcr deren Urheber die Rechte.[\/vc_column_text][\/vc_column][vc_column width=&#8220;1\/4&#8243;][vc_single_image image=&#8220;1016&#8243; img_size=&#8220;full&#8220; alignment=&#8220;right&#8220;][\/vc_column][\/vc_row][vc_row][vc_column width=&#8220;3\/4&#8243;][vc_custom_heading text=&#8220;Editionen:&#8220; use_theme_fonts=&#8220;yes&#8220;][vc_column_text]&gt; Mikes Music Records \/ Edition MMR &gt; ffm-dance[\/vc_column_text][\/vc_column][vc_column width=&#8220;1\/4&#8243;][vc_row_inner][vc_column_inner width=&#8220;1\/2&#8243;][vc_single_image image=&#8220;1049&#8243; img_size=&#8220;full&#8220; alignment=&#8220;right&#8220;][\/vc_column_inner][vc_column_inner width=&#8220;1\/2&#8243;][vc_single_image image=&#8220;1050&#8243; img_size=&#8220;full&#8220; alignment=&#8220;right&#8220;][\/vc_column_inner][\/vc_row_inner][\/vc_column][\/vc_row][vc_row][vc_column][vc_separator color=&#8220;custom&#8220; accent_color=&#8220;#eaeaea&#8220;][vc_column_text]Was ist ein Musikverlag und warum sollte man als Texter oder &#8230; <a title=\"Verlag\" class=\"read-more\" href=\"https:\/\/mikes-music-records.de\/site\/verlag\/\" aria-label=\"Mehr Informationen \u00fcber Verlag\">Weiterlesen<\/a><\/p>\n","protected":false},"author":1,"featured_media":0,"parent":0,"menu_order":0,"comment_status":"closed","ping_status":"closed","template":"","meta":{"footnotes":""},"class_list":["post-355","page","type-page","status-publish"],"_links":{"self":[{"href":"https:\/\/mikes-music-records.de\/site\/wp-json\/wp\/v2\/pages\/355","targetHints":{"allow":["GET"]}}],"collection":[{"href":"https:\/\/mikes-music-records.de\/site\/wp-json\/wp\/v2\/pages"}],"about":[{"href":"https:\/\/mikes-music-records.de\/site\/wp-json\/wp\/v2\/types\/page"}],"author":[{"embeddable":true,"href":"https:\/\/mikes-music-records.de\/site\/wp-json\/wp\/v2\/users\/1"}],"replies":[{"embeddable":true,"href":"https:\/\/mikes-music-records.de\/site\/wp-json\/wp\/v2\/comments?post=355"}],"version-history":[{"count":4,"href":"https:\/\/mikes-music-records.de\/site\/wp-json\/wp\/v2\/pages\/355\/revisions"}],"predecessor-version":[{"id":2362,"href":"https:\/\/mikes-music-records.de\/site\/wp-json\/wp\/v2\/pages\/355\/revisions\/2362"}],"wp:attachment":[{"href":"https:\/\/mikes-music-records.de\/site\/wp-json\/wp\/v2\/media?parent=355"}],"curies":[{"name":"wp","href":"https:\/\/api.w.org\/{rel}","templated":true}]}}